is -2 - -200?
143
In base 13, what is -1 + -4c?
-50
In base 5, what is 10 + -43230?
-43220
In base 11, what is 3 + 1191?
1194
In base 9, what is 16 + -11?
5
In base 14, what is 8 + 362?
36a
In base 16, what is -591 - -3?
-58e
In base 16, what is 862 + -4?
85e
In base 7, what is -13 + 662?
646
In base 14, what is -61 + 43?
-1c
In base 11, what is 9 - a54?
-a46
In base 14, what is -1 + -21?
-22
In base 15, what is -8 - 79?
-82
In base 10, what is 5 - 55?
-50
In base 9, what is -4 - 1802?
-1806
In base 8, what is -4 + -2123?
-2127
In base 8, what is 4021 - 1?
4020
In base 11, what is 7263 - 4?
725a
In base 11, what is -2a3 - 3?
-2a6
In base 7, what is -65 - 0?
-65
In base 3, what is -11210 + -110?
-12020
In base 3, what is 2 + -110110?
-110101
In base 7, what is -32 - -4?
-25
In base 7, what is -11 - 50?
-61
In base 14, what is -69 + -15a?
-1c5
In base 15, what is -13 + -41?
-54
In base 14, what is -8 - -3?
-5
In base 9, what is -5 - -600?
584
In base 8, what is 1 - -532?
533
In base 6, what is -5050 - 45?
-5135
In base 5, what is 10 + -10122?
-10112
In base 8, what is 43 - -4?
47
In base 12, what is -134 - -2?
-132
In base 4, what is -101213 + -23?
-101302
In base 15, what is b0 + -83?
2c
In base 13, what is 218 + 5?
220
In base 3, what is 101210221 - 1?
101210220
In base 12, what is 7 + -6ab?
-6a4
In base 11, what is -223 - 0?
-223
In base 6, what is -2 + 1004?
1002
In base 3, what is 21122 - 101?
21021
In base 6, what is -3 + -213?
-220
In base 2, what is -1001100 - -1000?
-1000100
In base 7, what is 22103 + -3?
22100
In base 5, what is 4 - 1113?
-1104
In base 9, what is 2 + -26?
-24
In base 7, what is -261 - -5?
-253
In base 9, what is 1 - 1332?
-1331
In base 8, what is 2 - -13003?
13005
In base 13, what is -17b + -2?
-180
In base 6, what is -244 - 43?
-331
In base 15, what is -2ea + 4?
-2e6
In base 9, what is 27 + 13?
41
In base 4, what is 2 - -10130?
10132
In base 9, what is -13 - -160?
146
In base 6, what is -130 + 1?
-125
In base 9, what is 5 - -386?
402
In base 4, what is -123 + 3300?
3111
In base 7, what is -3532 + 2?
-3530
In base 11, what is a69 - 1?
a68
In base 14, what is -4 + -7ca?
-7d0
In base 15, what is c - 8?
4
In base 15, what is -2 - 6?
-8
In base 5, what is 40 - 1032?
-442
In base 2, what is 10 + -11101?
-11011
In base 10, what is 4 - 56?
-52
In base 2, what is 101 + -100001?
-11100
In base 6, what is -111 + 21?
-50
In base 16, what is -48 - 5?
-4d
In base 13, what is -446 - 5?
-44b
In base 15, what is 4056 + 3?
4059
In base 12, what is -8 + -32?
-3a
In base 11, what is 0 + 8?
8
In base 4, what is 2 + -111?
-103
In base 16, what is -2f + -19?
-48
In base 8, what is 133 - 105?
26
In base 6, what is 143101 + 4?
143105
In base 16, what is -a8 - d?
-b5
In base 4, what is 2021 + 12?
2033
In base 14, what is -3 - -196?
193
In base 9, what is 1 - -71?
72
In base 9, what is 0 + -213?
-213
In base 9, what is -108 + 64?
-34
In base 11, what is -3 - 14?
-17
In base 9, what is 3813 - -5?
3818
In base 9, what is -31 - 5?
-36
In base 10, what is 0 - 41?
-41
In base 12, what is 17 - 27?
-10
In base 13, what is -5 - 181?
-186
In base 15, what is 22 - -4?
26
In base 5, what is 14211 - -10?
14221
In base 9, what is -5 + -1016?
-1022
In base 3, what is -1 + 11002?
11001
In base 3, what is 20 + 10122?
10212
In base 14, what is -2 + -151?
-153
In base 11, what is 56 - -7?
62
In base 2, what is -101 - 11111101?
-100000010
In base 3, what is -11 - 11222?
-12010
In base 2, what is -1110 - 110?
-10100
In base 8, what is -7 - -11510?
11501
In base 12, what is -2 + -25a?
-260
In base 2, what is -1001001 - 11111?
-1101000
In base 15, what is 48a3 + -2?
48a1
In base 4, what is 323 - 3?
320
In base 15, what is 5 - 200?
-1ea
In base 16, what is -7 + -b?
-12
In base 12, what is 81 + 10?
91
In base 11, what is 199 + 0?
199
In base 2, what is -1010000100 + -100?
-1010001000
In base 7, what is 31 + -32?
-1
In base 7, what is -6451 + -5?
-6456
In base 5, what is 112 - 3?
104
In base 13, what is 92 + 11?
a3
In base 2, what is -11001111 + -10101?
-11100100
In base 15, what is -3a - 1a?
-55
In base 15, what is 1a - 34?
-19
In base 6, what is -1 - -3503?
3502
In base 16, what is 4 - ad?
-a9
In base 11, what is 41 + 2?
43
In base 3, what is -21200 + 1?
-21122
In base 9, what is -24 - -55?
31
In base 5, what is -222 - -23?
-144
In base 3, what is -2102 + -10?
-2112
In base 3, what is 2222 + 2?
10001
In base 11, what is 10 - 20?
-10
In base 12, what is -16 - -11?
-5
In base 14, what is -2 - 5b?
-5d
In base 5, what is 10 - 42341?
-42331
In base 5, what is 1 - -120421?
120422
In base 3, what is -11 - 1112?
-1200
In base 4, what is 0 - 1023?
-1023
In base 11, what is 16321 - 5?
16317
In base 5, what is 4 + -34?
-30
In base 13, what is -4 - -846?
842
In base 16, what is 1de - 0?
1de
In base 2, what is -101 + -10101011000?
-10101011101
In base 14, what is 1 + 1b50?
1b51
In base 13, what is 30 + -173?
-143
In base 5, what is -4140 + 4?
-4131
In base 11, what is -2 + -7a?
-81
In base 6, what is 2 + 134?
140
In base 7, what is -25 - 4?
-32
In base 5, what is -2144 - 2?
-2201
In base 9, what is 107 - 71?
26
In base 3, what is 2001 - -210?
2211
In base 6, what is -54 + 1020?
522
In base 2, what is -1011101 - 1101?
-1101010
In base 10, what is -13 + 2?
-11
In base 10, what is 28 + 56?
84
In base 6, what is 23114 + -2?
23112
In base 14, what is -9a + 8?
-92
In base 12, what is 12 - 3?
b
In base 13, what is -1003 + 5?
-ccb
In base 13, what is 4 + -6b6?
-6b2
In base 7, what is 6 - 365?
-356
In base 6, what is -1022 + -2?
-1024
In base 11, what is -1 - a7?
-a8
In base 7, what is -6 - 205?
-214
In base 3, what is 0 - -1202022?
1202022
In base 2, what is 10001 - 100?
1101
In base 11, what is -9 - -2?
-7
In base 7, what is 420 + -2?
415
In base 5, what is -142204 + -10?
-142214
In base 11, what is 1 + 2501?
2502
In base 6, what is -1 - 30?
-31
In base 10, what is 2 - 81?
-79
In base 2, what is 101 - 11001010010?
-11001001101
In base 2, what is 100111010 - -101?
100111111
In base 16, what is e - -2f?
3d
In base 12, what is b + 17?
26
In base 15, what is 2 + 2?
4
In base 3, what is -101 + -1010?
-1111
In base 7, what is 332 + -2?
330
In base 11, what is -1a70 - 3?
-1a73
In base 15, what is -4 - 1?
-5
In base 2, what is -11110001 - -10010?
-11011111
In base 4, what is 10 + 2010?
2020
In base 7, what is 205 - 0?
205
In base 2, what is 10101010 + -1?
10101001
In base 3, what is 11 + -212001?
-211220
In base 10, what is 4 - 46?
-42
In base 10, what is 504 + -37?
467
In base 12, what is -165 - 2?
-167
In base 7, what is 0 - -134?
134
In base 2, what is 1100111000110 - -100?
1100111001010
In base 9, what is 20 - 5?
14
In base 15, what is 7b7 + 3?
7ba
In base 6, what is 0 - 11405?
-11405
In base 7, what is 14 + 66?
113
In base 8, what is -2 - -204?
202
In base 12, what is 3726 - -1?
3727
In base 11, what is -25 - 0?
-25
In base 3, what is 20 + -1012111?
-1012021
In base 10, what is 6 + 3283?
3289
In base 15, what is 6a - -1a?
85
In base 10, what is -49 + -30?
-79
In base 6, what is -14432 + -1?
-14433
In base 9, what is 67 + 2?
70
In base 8, what is 0 - 305?
-305
In base 12, what is -7425 - -4?
-7421
In base 8, what is -7 + -346?
-355
In base 16, what is -5c + 30?
-2c
In base 9, what is 3 + 545?
548
In base 9, what is 751 + -2?
748
In base 14, what is 4 - 43?
-3d
In base 16, what is 0 + b0?
b0
In base 2, what is 10011010 - 11?
10010111
In base 15, what is -154e8 + -3?
-154eb
In base 13, what is 438 - 3?
435
In base 8, what is 3 + -567?
-564
In base 13, what is -5441 - -3?
-543b
In base 15, what is -41b + 1?
-41a
In base 3, what is -10 - -1101221?
1101211
In base 5, what is 23140 - -2?
23142
In base 7, what is 11 + -34?
-23
In base 6, what is -133 - -2?
-131
In base 9, what is 102 - -153?
255
In base 4, what is 22013 + 2?
22021
In base 12, what is 455 + -26?
42b
In base 14, what is a + -c?
-2
In base 10, what is -882 - -5?
-877
In base 16, what is 85 + 3f?
c4
In base 6, what is -4 + 345?
341
In base 14, what is 13 + -ab?
-98
In base 3, what is 2 - 1221?
-1212
In base 15, what is -e4 - -d?
-d6
In base 4, what is 230202 + 1?
230203
In base 8, what is -3 + -1050?
-1053
In base 13, what is -5cac + -2?
-5cb1
In base 16, what is -47 + -4a?
-91
In base 8, what is -2 + -31?
-33
In base 3, what is 